. Suppose x*f - 446 = 6*f. Is f composite?
False
Let u = -91546 + 165563. Is u composite?
False
Suppose 4*k - 4*v + 870591 = 7*k, -5*k + 4*v = -1450985. Is k a prime number?
False
Suppose 3*o - 98223 = -29*d + 33*d, d = -7*o + 229249. Is o a prime number?
True
Let d(k) = k**3 - 10*k**2 + 11*k - 1. Let a(z) = 8*z**3 + z**2 + 2*z - 7. Let m be a(2). Let j = 78 - m. Is d(j) prime?
False
Suppose 3*f = -x + 13962, 9319 = f + f - 3*x. Let l be (-3)/(-12) + -5 + (-18053)/(-28). Suppose f - l = 5*c. Is c prime?
False
Is ((-25)/200)/((-3)/76344) a composite number?
False
Let w = 230560 + 2469. Is w prime?
False
Let w(s) = 403*s - 38. Let b be w(2). Let j = b - -2843. Is j a prime number?
False
Let y(g) = -155*g - 106. Let q be y(-19). Let r = q - 1016. Is r prime?
True
Let o(q) = -3*q**2 + 11*q - 20. Let s be o(2). Let w(x) = -6*x**2 + 3*x - 1. Let p(y) = 6*y**2 - 4*y + 1. Let a(z) = 6*p(z) + 5*w(z). Is a(s) prime?
True
Suppose -4*f - 16 = -8*f. Let v(d) = 20*d + 26*d - f*d**2 - 9 - 3*d**3 - 42*d. Is v(-4) prime?
True
Let u(o) = 15*o + 8 - 111 + 1605. Let x be u(0). Suppose 4*b = 4, -2*y = 3*b - x - 935. Is y composite?
False
Let k be (-16)/((-1)/(171/6)). Suppose 13*p = 1961 + 1328. Let m = k - p. Is m prime?
False
Suppose 0 = -5*l + 3*h + 43069 + 482901, -631166 = -6*l + 4*h. Is l composite?
True
Let c(v) = 65*v**2 + 0 + 13*v**2 - 1 + 8 + 2*v. Let q be c(-6). Suppose q = 2*p + 469. Is p a prime number?
False
Let t(b) = -108*b - 62. Let a be t(-8). Suppose 5*d + 20 = 0, 2*o - 5148 - a = -4*d. Is o composite?
True
Let k(o) = 203*o + 5. Suppose 8*c + 16 = 4*c. Let t(b) = -407*b - 9. Let r(l) = c*t(l) - 7*k(l). Is r(2) a composite number?
True
Let o(x) = 364*x - 63. Is o(11) a prime number?
False
Suppose 22*c - 70*c + 532752 = -1300704. Is c composite?
False
Let j be (-284)/(-10) + 2/(-5). Let c = j - 46. Is (c/4 - -2)/((-2)/284) composite?
True
Suppose -243*l + 3534656 = -1129804 - 2883849. Is l a composite number?
False
Let b be (1/(-3))/(1/(-15)). Suppose 5*s = u - b*u + 11159, -8369 = -3*u - 4*s. Let o = u - 1782. Is o prime?
True
Let b(i) = -5216*i - 867. Is b(-31) prime?
True
Suppose 13208 = -4*l + 2*o, 0 = -5*l - o - 2*o - 16488. Let a(p) = 16*p**2 + 20*p - 47. Let u be a(-18). Let q = u + l. Is q composite?
True
Let c = 35205 + 50180. Is c a prime number?
False
Suppose -4*f + 56 = -2*n - 58, 0 = -n + 3*f - 58. Let s = 3771 + n. Let y = s - 1195. Is y prime?
True
Is 5*-1 - ((-5580768)/(-144))/((-1)/6) prime?
False
Let f(n) = n**2 - 12*n + 13. Let d be f(1). Suppose 2*z + 8 = -d*z, -5*j + 2*z = -27249. Is j a composite number?
False
Let m(o) be the third derivative of 15*o**4 - 23*o**3/3 + 37*o**2. Let b be m(10). Suppose 2*n = -0*n + b. Is n a prime number?
True
Let t = 229 - 230. Is (75590/(-5))/2*t a composite number?
False
Let x(q) = -q**3 + 19*q**2 - 106*q - 139. Is x(-45) prime?
False
Let j be 14705/11 - (-76)/418. Let q = -534 + j. Is q a prime number?
False
Let x = -13376 + 46053. Is x a composite number?
True
Let n(p) = -464*p**3 - 5*p**2 - 40*p - 119. Is n(-10) a prime number?
True
Suppose -8*v + 288*v - 17006920 = 0. Is v a prime number?
False
Suppose -1610119 = -71*f - 30*f + 3072544. Is f a prime number?
False
Let a(l) = -356*l - 36. Let y be a(4). Let n = 1173 - y. Is n a prime number?
True
Suppose -10*w + 11141 = -49349. Is w a prime number?
False
Let y(r) = -r + 58. Let f be y(21). Suppose 12*l = -f + 13. Is (-8)/l*(-1378)/(-8) a prime number?
False
Let r be (-1586)/(-182) + 4/14. Is (2 - 5)*(-15073)/r*3 composite?
False
Let b(l) = l**3 - 3*l**2 - 14*l + 4. Let c be b(6). Is (7/c*73204)/(3/3) composite?
False
Let z(o) be the third derivative of -1355*o**4/12 + 19*o**3/6 - 2*o**2 - 4*o. Is z(-1) composite?
False
Suppose -4*p + 38 = -2*p. Let k(q) be the third derivative of q**4/8 + 13*q**3/3 + 50*q**2. Is k(p) a composite number?
False
Let f be (722/(-190))/(1/(-5)). Suppose -2*j - 81073 = -f*j. Is j a composite number?
True
Suppose 8 = -j, -3*a - j = 106412 - 508161. Is a prime?
True
Let m(z) = -1791*z - 128. Let l(s) = s - 3. Let i(n) = 5*l(n) - m(n). Is i(4) composite?
False
Suppose -7*b = -6*b - 22. Is -5884*(18/(-8) - b/(-11)) composite?
False
Suppose -w - 4*w = -4*w. Suppose w = -9*m - 103 - 23. Is (-77)/m*538*1 a composite number?
True
Suppose 0 = -4*c + 4*v + 1878052 - 563212, -4*c - 5*v + 1314831 = 0. Is c prime?
True
Let x = -34243 + 85152. Is x a composite number?
False
Let z = 245 + -249. Let x(i) = 3*i + 12. Let f(j) = j + 6. Let v(d) = 5*f(d) - 3*x(d). Is v(z) composite?
True
Let g(s) = -2*s**3 - 49*s**2 - 2*s + 10. Is g(-33) prime?
False
Suppose 0 = -124*l + 8791679 + 45689829. Is l a composite number?
False
Suppose 4*u = 5*b - 1652337, 0 = b - 582*u + 581*u - 330467. Is b composite?
False
Let h be -5*(4 + 3 - 8). Suppose -h*n = 506 - 4041. Is n composite?
True
Suppose -5178*w + 5190*w = 925044. Is w composite?
True
Let m = 78730 + -31509. Is m prime?
True
Let y = -317 - -312. Is 1354 + 8 + 3 + y + 1 prime?
True
Let a(f) = 13447*f - 33. Is a(2) composite?
False
Let w(n) = 2*n + 21. Let g be w(-6). Suppose -g*x + 3 = -8*x. Suppose 5*f = 2*o + 5677, 4 - 1 = -x*o. Is f composite?
True
Let l = -195 + 217. Is 96380/22 + 2/l composite?
True
Is (17335392954/7070 + (-2)/35)*(2 - 1) a prime number?
False
Let n(s) = s**3 + 37*s**2 + 30*s + 87. Let c be n(-36). Let f = 638 - c. Is f a prime number?
False
Is ((-2 - 3) + 4)*(-2 - (80599 - -8)) prime?
False
Suppose -210*w + 263*w = 8263813. Is w composite?
False
Let m(y) = -12*y + 42. Let i be m(12). Let o = i - -60. Is ((-248)/24)/(2/o) a composite number?
True
Suppose 3*w + 23167 = 5*s + 7926, -4 = -2*s. Let f be 1890086/(-530) + 3/(-12) + 9/20. Let m = f - w. Is m a prime number?
True
Suppose 833*c - 832*c - 20161 = 0. Is c prime?
True
Let k(b) = 47*b**2 + 11*b + 1. Let o(f) = -f**3 + 5*f**2 - 4*f + 6. Let w be o(5). Is k(w) a prime number?
True
Let p(v) = -10*v - 26. Let w be p(0). Let j(b) be the first derivative of 2*b**3/3 + 19*b**2/2 + 49*b + 3. Is j(w) a composite number?
False
Suppose 2*w - 3*i = 3269, 3*w - 6*i + i - 4903 = 0. Suppose 0 = 6*q - 2*q - w. Let d = -152 + q. Is d prime?
True
Is (-1809)/(-201) - (-1 - 220241) a prime number?
False
Let n = -7235 + 3904. Let v = n + 7528. Is v a composite number?
True
Let h(t) = 19*t**2 - 24*t + 34. Let c be h(26). Suppose 2*l - c = -9*l. Suppose -9*n = -11*n + l. Is n composite?
False
Let p(s) = 5569*s**2 + 9*s + 58. Is p(-4) a composite number?
True
Let j = 168016 - -676681. Is j a prime number?
False
Let a = 79431 + -30612. Is a composite?
True
Let t = 348927 + 497662. Is t a composite number?
False
Suppose -5*y - 5*j = -186615, -3*j + 7*j = 16. Is y prime?
False
Let t = 46 - 34. Let n be (-3 - (3 - t))*11. Is (-1 - 0)/((-2)/n) composite?
True
Let z = -54913 - -76890. Is z a prime number?
True
Let v = 49 + -44. Suppose -v*z + 4 = -z. Is (3/(z - 0) - 3) + 163 prime?
True
Let b(z) = -105115*z - 2003. Is b(-6) prime?
True
Suppose 4*n + 2*q - 244662 = 0, 30*q - 31*q - 183484 = -3*n. Is n a prime number?
False
Let r(x) = 4*x + 80. Let m be r(-19). Suppose -g = -6*w + 9*w - 31670, 5*g - 158405 = -m*w. Is g prime?
False
Let l be (554/(-3))/(13/(-1560)). Suppose y - 5*y = l. Is 16/20*y/(-8) prime?
False
Let y = 1170115 + -657360. Is y a prime number?
False
Is ((-12558)/(-117))/7*(171/(-2))/(-3) a prime number?
False
Let c = 6117 + -3665. Let d = c - -1933. Let k = d + -2158. Is k composite?
True
Suppose -17*y + 17 = -16*y. Suppose -y + 110 = 3*j. Let b = 48 + j. Is b prime?
True
Let s be -5 - (0 + -3 + -5). Suppose 3 = -v + 4*v, -s*x = -v - 20. Suppose -x*w + 1865 = -4617. Is w composite?
True
Let t(x) = -x**2 - 32*x - 245. Let h be t(-13). Suppose 13*l - 137929 = h*l. Is l composite?
False
Let m(l) = -21*l**3 - l**2 + 6*l - 3. Let a be m(4). Let q be 31/(-62) - (-4491)/(-2). Let d = a - q. Is d a composite number?
False
Suppose 4*v - 107831 = -25*o + 129648, -v + 3*o + 59342 = 0. Is v a prime number?
True
Let p(l) = -2*l**2 - 34*l + 79. Let o be p(-19). Suppose 3*w = -0*r - 2*r + 16970, -o*w + 42443 = 5*r. Is r prime?
False
Suppose 19*o - 7*o = 38328. Suppose -175*a + 173*a = -o. Is a a prime number?
True
Suppose 0 = 2*v - 10, -5*t - 6*v + v + 40 = 0. Suppose -5*m + t*i + 33 = 0, 2*i - i = -2*m + 11. Let o(h) = h + 13. Is o(m) 